he remainder when 38851657 is divided by 565.
562
Calculate the remainder when 284236 is divided by 84.
64
What is the remainder when 67973279 is divided by 1880?
1879
What is the remainder when 25445723 is divided by 62?
55
What is the remainder when 538736 is divided by 604?
572
What is the remainder when 211698 is divided by 2465?
2173
Calculate the remainder when 16086 is divided by 2.
0
Calculate the remainder when 3740205 is divided by 6.
3
Calculate the remainder when 158746 is divided by 22620.
406
Calculate the remainder when 110434 is divided by 265.
194
What is the remainder when 21989 is divided by 21751?
238
Calculate the remainder when 11093741 is divided by 189.
8
Calculate the remainder when 70082999 is divided by 900.
899
Calculate the remainder when 2993842 is divided by 223.
67
What is the remainder when 5217369 is divided by 4211?
4151
What is the remainder when 40946515 is divided by 929?
840
Calculate the remainder when 5368660 is divided by 82593.
115
Calculate the remainder when 748190 is divided by 294.
254
Calculate the remainder when 1475495 is divided by 70261.
14
Calculate the remainder when 154146 is divided by 3581.
163
What is the remainder when 85441 is divided by 249?
34
What is the remainder when 382681 is divided by 186?
79
Calculate the remainder when 296828458 is divided by 10.
8
Calculate the remainder when 171479 is divided by 34255.
204
Calculate the remainder when 2228 is divided by 2082.
146
What is the remainder when 2323550 is divided by 351?
281
What is the remainder when 35494433 is divided by 122?
119
What is the remainder when 4571 is divided by 1030?
451
Calculate the remainder when 201444 is divided by 198220.
3224
What is the remainder when 13216378 is divided by 668?
666
Calculate the remainder when 21485859 is divided by 10742927.
5
Calculate the remainder when 9388736 is divided by 4.
0
Calculate the remainder when 1238352023 is divided by 728.
727
What is the remainder when 133951 is divided by 2846?
189
What is the remainder when 22124 is divided by 2432?
236
What is the remainder when 17823433 is divided by 369?
364
What is the remainder when 1153799 is divided by 1153775?
24
What is the remainder when 3006238 is divided by 7?
4
Calculate the remainder when 92757 is divided by 8322.
1215
What is the remainder when 3638499 is divided by 38?
37
What is the remainder when 61590685 is divided by 2498?
2495
Calculate the remainder when 9271351 is divided by 386306.
7
What is the remainder when 186977 is divided by 5665?
32
Calculate the remainder when 449593 is divided by 44787.
1723
Calculate the remainder when 15335045 is divided by 43.
41
What is the remainder when 1043975 is divided by 521890?
195
Calculate the remainder when 52878 is divided by 52859.
19
Calculate the remainder when 12781794 is divided by 63.
39
What is the remainder when 212399 is divided by 1797?
353
Calculate the remainder when 878445 is divided by 18293.
381
What is the remainder when 411872 is divided by 594?
230
Calculate the remainder when 24900426 is divided by 889300.
26
Calculate the remainder when 280307498 is divided by 1375.
1373
What is the remainder when 134583 is divided by 2365?
2143
What is the remainder when 1049213 is divided by 262240?
253
Calculate the remainder when 999934 is divided by 623.
19
Calculate the remainder when 122595 is divided by 139.
136
Calculate the remainder when 5395917 is divided by 2047.
25
What is the remainder when 17921 is divided by 1483?
125
Calculate the remainder when 16168 is divided by 487.
97
What is the remainder when 6708 is divided by 1585?
368
What is the remainder when 15304504 is divided by 150?
4
What is the remainder when 26096554 is divided by 2518?
2
What is the remainder when 137571 is divided by 3276?
3255
What is the remainder when 3922302 is divided by 867?
861
What is the remainder when 1011445 is divided by 123?
16
What is the remainder when 259081423 is divided by 277?
276
What is the remainder when 1284320 is divided by 411?
356
What is the remainder when 806959 is divided by 7010?
809
Calculate the remainder when 176782 is divided by 414.
4
What is the remainder when 2075507365 is divided by 436?
433
Calculate the remainder when 53430207 is divided by 90.
87
What is the remainder when 126221079 is divided by 2863?
2861
What is the remainder when 795383 is divided by 795365?
18
Calculate the remainder when 2473714 is divided by 4042.
10
Calculate the remainder when 97434 is divided by 158.
106
What is the remainder when 60037 is divided by 29879?
279
Calculate the remainder when 20168237 is divided by 18.
11
Calculate the remainder when 586731 is divided by 289749.
7233
What is the remainder when 813516 is divided by 406751?
14
Calculate the remainder when 91336 is divided by 149.
148
Calculate the remainder when 7688893 is divided by 38.
11
What is the remainder when 1708683 is divided by 213?
210
What is the remainder when 17160599 is divided by 1458?
1397
What is the remainder when 102634 is divided by 7894?
12
What is the remainder when 949858 is divided by 49991?
29
Calculate the remainder when 636964 is divided by 106155.
34
What is the remainder when 86503 is divided by 4115?
88
What is the remainder when 15583088 is divided by 708?
8
Calculate the remainder when 93185 is divided by 46424.
337
What is the remainder when 3747757 is divided by 158?
155
Calculate the remainder when 39686324 is divided by 99.
95
What is the remainder when 204371 is divided by 12?
11
What is the remainder when 36303 is divided by 35908?
395
Calculate the remainder when 2613895 is divided by 871279.
58
Calculate the remainder when 2328480 is divided by 481.
440
What is the remainder when 499114 is divided by 4060?
3794
What is the remainder when 748664 is divided by 93?
14
Calculate the remainder when 75454 is divided by 184.
14
What is the remainder when 62797 is divided by 8751?
1540
What is the remainder when 4730441 is divided by 112627?
107
Calculate the remainder when 961432 is divided by 271.
195
Calculate the remainder when 29877697 is divided by 3548.
3537
What is the remainder when 654423 is divided by 6884?
443
Calculate the remainder when 1556762 is divided by 518918.
8
What is the remainder when 17671472 is divided by 142?
140
Calculate the remainder when 199958 is divided by 1266.
1196
What is the remainder when 27357 is divided by 8862?
771
What is the remainder when 62498472 is divided by 897?
894
Calculate the remainder when 94637 is divided by 241.
165
Calculate the remainder when 280973260 is divided by 572.
568
What is the remainder when 556792 is divided by 900?
592
Calculate the remainder when 3821744 is divided by 5773.
18
Calculate the remainder when 2843643 is divided by 6.
3
Calculate the remainder when 89166 is divided by 271.
7
What is the remainder when 60092318 is divided by 10225?
10218
What is the remainder when 114906 is divided by 265?
161
Calculate the remainder when 702886 is divided by 41346.
4
What is the remainder when 4741202 is divided by 948021?
1097
Calculate the remainder when 10687651 is divided by 1179.
16
What is the remainder when 62626 is divided by 2039?
1456
Calculate the remainder when 9825602 is divided by 4912768.
66
What is the remainder when 163189 is divided by 163060?
129
What is the remainder when 105111408 is divided by 23?
5
Calculate the remainder when 34901552 is divided by 41109.
11
Calculate the remainder when 1047952 is divided by 80611.
9
What is the remainder when 89677299 is divided by 25?
24
What is the remainder when 1154617 is divided by 96213?
61
Calculate the remainder when 46512 is divided by 1722.
18
What is the remainder when 1022578 is divided by 92958?
40
What is the remainder when 784383 is divided by 49?
40
What is the remainder when 44595 is divided by 1446?
1215
What is the remainder when 1438753 is divided by 479569?
46
What is the remainder when 91934238 is divided by 67?
54
What is the remainder when 388384 is divided by 162?
70
Calculate the remainder when 63041 is divided by 84.
41
What is the remainder when 3290472 is divided by 365?
362
What is the remainder when 62806 is divided by 62157?
649
Calculate the remainder when 1385128 is divided by 1214.
1168
What is the remai